divided by 258.
159
What is the remainder when 246 is divided by 72?
30
Calculate the remainder when 2734 is divided by 657.
106
What is the remainder when 504118 is divided by 62?
58
Calculate the remainder when 2567638 is divided by 1273.
1270
Calculate the remainder when 7674 is divided by 41.
7
What is the remainder when 2419 is divided by 392?
67
What is the remainder when 18017 is divided by 5990?
47
Calculate the remainder when 2460 is divided by 752.
204
Calculate the remainder when 44628 is divided by 29.
26
Calculate the remainder when 8382 is divided by 310.
12
What is the remainder when 22044 is divided by 1001?
22
What is the remainder when 17173 is divided by 177?
4
What is the remainder when 47365 is divided by 47292?
73
Calculate the remainder when 307688 is divided by 307667.
21
Calculate the remainder when 55178 is divided by 10.
8
What is the remainder when 1342 is divided by 472?
398
What is the remainder when 14293 is divided by 30?
13
What is the remainder when 1695 is divided by 10?
5
Calculate the remainder when 793606 is divided by 43.
41
What is the remainder when 2787 is divided by 361?
260
Calculate the remainder when 591 is divided by 213.
165
What is the remainder when 950546 is divided by 49?
44
What is the remainder when 16716 is divided by 1392?
12
Calculate the remainder when 123171 is divided by 2199.
27
What is the remainder when 9799 is divided by 99?
97
What is the remainder when 45075 is divided by 224?
51
Calculate the remainder when 6680 is divided by 452.
352
What is the remainder when 93235 is divided by 1073?
957
Calculate the remainder when 6514 is divided by 68.
54
Calculate the remainder when 13334 is divided by 15.
14
What is the remainder when 38186 is divided by 316?
266
Calculate the remainder when 5365 is divided by 106.
65
What is the remainder when 110368 is divided by 164?
160
What is the remainder when 2965 is divided by 129?
127
Calculate the remainder when 2876 is divided by 138.
116
Calculate the remainder when 16259241 is divided by 12.
9
Calculate the remainder when 68968 is divided by 110.
108
Calculate the remainder when 28535 is divided by 3564.
23
Calculate the remainder when 21100 is divided by 1613.
131
Calculate the remainder when 9242 is divided by 220.
2
What is the remainder when 59734 is divided by 19904?
22
Calculate the remainder when 47962 is divided by 82.
74
Calculate the remainder when 84928 is divided by 28293.
49
What is the remainder when 3358 is divided by 96?
94
What is the remainder when 38457 is divided by 9551?
253
Calculate the remainder when 4177 is divided by 1392.
1
What is the remainder when 12844 is divided by 987?
13
What is the remainder when 6618 is divided by 63?
3
Calculate the remainder when 913462 is divided by 1114.
1096
Calculate the remainder when 2101 is divided by 212.
193
What is the remainder when 982 is divided by 50?
32
What is the remainder when 17472 is divided by 1597?
1502
Calculate the remainder when 56423 is divided by 36.
11
What is the remainder when 3482 is divided by 862?
34
What is the remainder when 132272 is divided by 118?
112
What is the remainder when 81892 is divided by 8187?
22
Calculate the remainder when 93482 is divided by 6.
2
Calculate the remainder when 66682 is divided by 90.
82
Calculate the remainder when 20647 is divided by 356.
355
Calculate the remainder when 13607 is divided by 4533.
8
What is the remainder when 41380 is divided by 10344?
4
Calculate the remainder when 40649 is divided by 8116.
69
What is the remainder when 12299 is divided by 513?
500
What is the remainder when 46243 is divided by 250?
243
What is the remainder when 7289 is divided by 187?
183
Calculate the remainder when 121 is divided by 78.
43
What is the remainder when 6080 is divided by 9?
5
What is the remainder when 20437 is divided by 40?
37
What is the remainder when 13155 is divided by 6569?
17
Calculate the remainder when 573316 is divided by 54.
52
Calculate the remainder when 13140 is divided by 692.
684
What is the remainder when 1338 is divided by 6?
0
What is the remainder when 13339 is divided by 218?
41
What is the remainder when 5227 is divided by 1392?
1051
Calculate the remainder when 38105 is divided by 207.
17
Calculate the remainder when 5844 is divided by 154.
146
What is the remainder when 425588 is divided by 17?
10
Calculate the remainder when 1636 is divided by 14.
12
Calculate the remainder when 832 is divided by 808.
24
What is the remainder when 31851 is divided by 3536?
27
What is the remainder when 12847 is divided by 494?
3
What is the remainder when 42459 is divided by 544?
27
Calculate the remainder when 1441 is divided by 626.
189
What is the remainder when 89128 is divided by 17825?
3
What is the remainder when 20437 is divided by 5109?
1
What is the remainder when 339809 is divided by 9994?
13
What is the remainder when 20027 is divided by 21?
14
Calculate the remainder when 2465281 is divided by 196.
189
Calculate the remainder when 8784 is divided by 50.
34
What is the remainder when 32667 is divided by 15?
12
What is the remainder when 5525 is divided by 5?
0
Calculate the remainder when 36742 is divided by 18368.
6
What is the remainder when 4310 is divided by 384?
86
Calculate the remainder when 21157 is divided by 71.
70
What is the remainder when 8816 is divided by 175?
66
Calculate the remainder when 57035 is divided by 158.
155
Calculate the remainder when 128320 is divided by 7.
3
What is the remainder when 20800 is divided by 202?
196
What is the remainder when 530289 is divided by 66277?
73
What is the remainder when 35081 is divided by 274?
9
What is the remainder when 11055 is divided by 49?
30
What is the remainder when 21355 is divided by 38?
37
Calculate the remainder when 15014 is divided by 163.
18
Calculate the remainder when 77776 is divided by 748.
732
Calculate the remainder when 87032 is divided by 458.
12
Calculate the remainder when 12916 is divided by 163.
39
What is the remainder when 305079 is divided by 78?
21
What is the remainder when 480210 is divided by 229?
226
What is the remainder when 10340 is divided by 35?
15
Calculate the remainder when 2659 is divided by 644.
83
Calculate the remainder when 3692450 is divided by 29.
25
Calculate the remainder when 1435 is divided by 1407.
28
Calculate the remainder when 43934 is divided by 32.
30
What is the remainder when 26565 is divided by 226?
123
Calculate the remainder when 15689 is divided by 321.
281
What is the remainder when 3982 is divided by 443?
438
What is the remainder when 1689 is divided by 282?
279
What is the remainder when 1469 is divided by 553?
363
Calculate the remainder when 23242 is divided by 47.
24
What is the remainder when 1988 is divided by 352?
228
Calculate the remainder when 30697 is divided by 100.
97
What is the remainder when 1195 is divided by 184?
91
Calculate the remainder when 5237 is divided by 295.
222
What is the remainder when 239656 is divided by 91?
53
What is the remainder when 3798140 is divided by 1344?
1340
Calculate the remainder when 8810354 is divided by 465.
464
Calculate the remainder when 77914 is divided by 19.
14
What is the remainder when 37713 is divided by 109?
108
Calculate the remainder when 208349 is divided by 208342.
7
Calculate the remainder when 325621 is divided by 14.
9
What is the remainder when 14146 is divided by 29?
23
What is the remainder when 2453 is divided by 159?
68
Calculate the remainder when 4425 is divided by 188.
101
What is the remainder when 372 is divided by 77?
64
What is the remainder when 135431 is divided by 25?
6
What is the remainder when 9888 is divided by 58?
28
What is the remainder when 52980 is divided by 192?
180
What is the remainder when 248 is divided by 140?
108
Calculate the remainder when 8868 is divided by 166.
70
Calculate the remainder when 7292 is divided by 53.
31
What is the remainder when 95541 is divided by 72?
69
Calculate the remainder when 23513 is divided by 512.
473
What is the remainder when 160695 is divided by 4342?
41
What is the remainder when 88133 is divided by 38?
11
Calculate the remainder when 3957897 is divided by 668.
665
What is the remainder when 7197 is divided by 16?
13
Calculate the rema